mmon factor of v and 12.
4
Let m(k) = k**3 - 2*k**2 - 4*k - 18. Let s be m(4). Let g be 2 + (-1)/(s/6). Calculate the greatest common divisor of 135 and g.
5
Let j(p) = -27*p - 421. Let s be j(0). Let c = -265 - s. What is the greatest common divisor of 18 and c?
6
Let x = -4487 - -6547. Suppose x = 6*b - 304. Suppose -3*v - b = -2*r, -3*v + 4*v = 2*r - 398. Calculate the greatest common divisor of r and 80.
40
Suppose 26 = 2*l + 24. Let a be l/(-3)*-28*21/14. Let g be 2 - (a/(-8) - 2/8). What is the greatest common divisor of 20 and g?
4
Let q be (184/(-5))/(-2) - 2/5. Suppose -8*k + q - 50 = 0. Let x be (5 + k)*3 + -1. Calculate the highest common factor of x and 14.
2
Let b be (-1)/(-3) + 201*2/9. Suppose 0 = -h - 2*a + 587, -4*h + 2336 = 13*a - 17*a. Calculate the highest common divisor of h and b.
45
Let g(a) = 1020*a + 8856. Let s be g(11). What is the greatest common divisor of 48 and s?
12
Let o = 1782 + -1251. Suppose -555*p - 944 = -571*p. What is the highest common factor of p and o?
59
Suppose 0 = -3*b + 12, b - 250 - 6 = -6*k. Suppose 2*h = 49 + 77. Calculate the highest common factor of k and h.
21
Suppose 2*p - 220 = -2*y, 2*y + 0*y - 535 = -5*p. Let i(r) = -5*r - 25. Let f be i(-11). Calculate the greatest common factor of f and p.
15
Let y(b) = 89*b - 33. Let n be y(-7). Let r = n + 764. Calculate the highest common divisor of 12 and r.
12
Let h(t) = t**2 + 194*t + 8927. Let n be h(-120). Suppose 0*b = -4*v - 2*b - 2, 3*v - 5*b = 18. Calculate the highest common factor of v and n.
1
Let c be -6 + 24/132 + 1/((-44)/(-2720)). Calculate the greatest common factor of c and 364.
28
Suppose 1703*w + 2031 = 1711*w - 657. Suppose -5*y = -5*d - 235, 154 = 3*y - 2*d + 18. What is the highest common factor of y and w?
42
Let o(u) = 17*u - 27 - 54 + u**2 - 12*u + 5*u. Let y be o(-16). What is the greatest common divisor of 30 and y?
15
Let d = -21015 + 21155. What is the greatest common divisor of 1015 and d?
35
Let t(j) = 48*j + 31. Suppose -91*c + 25 = -86*c. Let u be t(c). Suppose -u = -3*s + 359. What is the highest common factor of s and 30?
30
Let w = -11662 - -11766. Calculate the greatest common divisor of 13546 and w.
26
Let z be (-9 - -2)/(18/(-774)). What is the highest common factor of z and 387?
43
Let r(p) = 415*p**2 - p. Let b be r(-1). Let q = 1733 + -1488. Let s = b - q. Calculate the greatest common factor of s and 19.
19
Let g(a) = 4*a - 97. Let h be g(28). Let p be 0/(2 - (-3 - -6)). Let x = p + h. What is the highest common divisor of x and 5?
5
Suppose 10326 = 297*f + 7653. Let u(y) = -y**3 + 3*y**2 - y + 1. Let n be u(2). Calculate the highest common divisor of f and n.
3
Suppose 0 = -k - 17*k - 8280. Let w = k + 646. What is the highest common divisor of 6 and w?
6
Let b be (-13 - 198) + -4 + 5 + 5. Let r = b - -249. Suppose 3*v + 16 = 7*v. Calculate the highest common divisor of r and v.
4
Let x = 1044 - 1035. Suppose -411 = -4*k + 5*u, 4*k = 3*k - 2*u + 93. What is the highest common factor of x and k?
9
Suppose -61 + 607 = 6*u. Suppose 494 = 157*p - 119*p. What is the highest common divisor of u and p?
13
Suppose -5*s + 5*t = -3*s + 1057, 4*s = 2*t - 2074. Let h = s - -891. Calculate the greatest common divisor of 15 and h.
15
Let k be (-12)/(-16) - (-13)/4. Let n be (-1)/k*72/(-6). Suppose 2*d + 96 = n*q - d, 4*d = 0. Calculate the highest common divisor of 192 and q.
32
Let q = -18 + 48. Suppose -483 = 4*b - 511. Suppose -a + b = 5*l + 6, a - l = 7. What is the greatest common factor of a and q?
6
Suppose 2*m + 448 = 9*m. Let l = m - 56. What is the greatest common divisor of 20 and l?
4
Suppose -3*f + 12 = f. Suppose m + 4 - f = 0. Let a(y) = 109*y**2 - y - 2. Let r be a(m). What is the highest common divisor of r and 72?
36
Let l = 5300 - -362. Calculate the greatest common factor of l and 38.
38
Suppose 0 = 4*y + 5*a - 15594, -y - 88*a + 93*a = -3886. What is the highest common factor of y and 24?
8
Let q = 1 + 8. Let x be (-44)/3*(-9 + 1539/(-18)). Suppose 46*n = 57*n - x. Calculate the highest common factor of q and n.
9
Suppose -5*r - 7 = -27. Let q be (-5 - -2) + (-476)/(-4). Calculate the highest common factor of q and r.
4
Let i(r) = -r + 2. Let s be i(-3). Suppose -2*u + 15 = j - 230, u = -s*j + 136. What is the highest common factor of 11 and u?
11
Suppose 369 = 55*c - 1831. Calculate the greatest common factor of c and 1060.
20
Suppose -5*x + 4*f = -16233, -4*x + 12984 = 29*f - 33*f. What is the greatest common divisor of 18 and x?
9
Suppose 3*t - 3 - 3 = 0. Suppose -4*b + t*c + 162 = 0, -b - 4*b + 192 = c. Let o be 13/b + (-16)/(-6). Calculate the greatest common factor of o and 12.
3
Let s = -404 - -909. Let x = s - 439. What is the highest common factor of x and 1056?
66
Suppose -53 = -24*a + 643. Let w be (2 - 4) + a + -17. Let r = -36 + 86. What is the highest common divisor of r and w?
10
Suppose 7168*k - 5*b + 32 = 7172*k, 3*k - 2*b = 24. Suppose -62 = -4*s + i + 33, 4*s - 2*i - 94 = 0. What is the greatest common factor of s and k?
8
Let h(r) = 0*r + 3*r - 2*r + 4. Let z be h(5). Suppose -5*j - 52 = -z*j. What is the highest common divisor of 39 and j?
13
Let z(w) = 339*w - 1663. Let a be z(5). Calculate the greatest common divisor of 1 and a.
1
Let b be (((-4290)/(-4))/(-3))/((-9 - -19)/(-20)). What is the greatest common divisor of 91 and b?
13
Suppose -819 - 618 = -3*h - 2*i, 932 = 2*h - 3*i. Calculate the highest common factor of h and 247.
19
Let m(j) = -77*j**3 - j**2 - j. Let w(t) = -t**3 - 3*t**2 + 2*t - 9. Let a be w(-4). Let k be m(a). Calculate the highest common divisor of k and 55.
11
Suppose 799*k - 820*k = -756. Calculate the greatest common factor of k and 1161.
9
Suppose -5*q + 85 + 1326 = 3*i, q + 919 = 2*i. Calculate the greatest common factor of i and 714.
42
Let o be (-2)/(-4) + (-62)/(-4). Let f be 1*-1 + (-1560)/5 + 1. Let h = -232 - f. Calculate the greatest common divisor of o and h.
16
Let f(w) = -7*w**2 + 42*w + 10. Let d be f(4). What is the greatest common divisor of 462 and d?
66
Let j(u) = 120*u - 949. Let s be j(8). Calculate the highest common factor of s and 34166.
11
Let p be (10/4)/((-2)/(-156)). Suppose 1246*v - 1212*v - 2652 = 0. Calculate the greatest common factor of p and v.
39
Let r = -6693 + 13823. What is the highest common divisor of 20 and r?
10
Let n = -9 - -19. Let p = 0 + n. Let f(b) = -2*b**2 + 23*b - 14. Let g be f(p). What is the greatest common factor of 128 and g?
16
Let o be (-8)/(-20) + (-714)/(-15). Suppose 0 = y - 5*y + o. Suppose -2*n = -4*n + y. What is the greatest common factor of n and 24?
6
Suppose 2*i - 5*k - 345 - 141 = 0, 4*k + 722 = 3*i. Calculate the greatest common factor of 2023 and i.
119
Let d(m) = -m**2 - 11*m - 17. Let w be d(-3). Suppose 3*a - w = 41. Calculate the greatest common factor of a and 128.
16
Let r(i) be the second derivative of -i**3 + 0 + i**2 - 15*i + 1/2*i**4. Let x be r(3). Calculate the highest common divisor of x and 19.
19
Let l be (1 - (-1)/(-3))*21. Suppose -177 + 16 = -7*a. Let r = l + a. Calculate the highest common factor of r and 185.
37
Let t be 3/(-9)*(6/(-5))/((-35)/(-875)). Let h be ((-170)/3)/(2/(-6)). What is the greatest common factor of t and h?
10
Let s be -2*9/(72/(-100)). Suppose -268 = s*c - 1668. What is the highest common factor of 21 and c?
7
Let h(g) = 2*g**3 + 32*g**2 - 9*g - 301. Let p be h(-13). Calculate the greatest common divisor of 2158 and p.
166
Let i = -144 + 158. Let g(t) = 8*t - 77. Let r be g(i). Calculate the highest common factor of r and 10.
5
Suppose z - 3*l + 4 = 2*l, 5*z + 3*l - 120 = 0. Let h = -18 + -116. Let c = 141 + h. Calculate the greatest common divisor of z and c.
7
Let l be (-1 - 50)*((-40)/(-12) - 3). Let n(q) = -q**3 - 18*q**2 - 22*q - 15. Let t be n(l). What is the greatest common factor of t and 56?
14
Let l = 17810 + -14750. What is the highest common factor of 48 and l?
12
Let h = -7641 + 7662. Calculate the greatest common divisor of 2506 and h.
7
Let o = 10069 - 10038. Calculate the highest common divisor of 992 and o.
31
Let a(s) = -17*s**2 - 2*s - 2. Let k be a(-2). Let n = 75 + k. What is the greatest common factor of n and 27?
9
Let l be ((-10)/(-95) + 13500/(-456))*(1 - 9). Calculate the highest common divisor of l and 1711.
59
